 of o?
2
Let j be 6/(-21) + (-30)/(-7). Suppose j*h + 4*i - 16 = 0, 2*h + 3*i - 2*i = 4. List the prime factors of (-1 - h - 2)*-1.
3
Let o(v) = 13*v**3 + 2*v**2 - 2*v + 1. Suppose 4*b - 3*f = f, 4*b - 5 = -f. What are the prime factors of o(b)?
2, 7
Let q(n) = -3*n - 1 + 3*n + 3*n - 1. Let o be (0 + 3)/3 - -1. List the prime factors of q(o).
2
Let b = 12 - 7. Suppose -b*f - 2*w = -62, -3*f = 2*w - 0*w - 38. List the prime factors of f.
2, 3
Suppose -8*p + 5*p + 54 = 0. What are the prime factors of p?
2, 3
Let q(w) = w**2 + 6*w - 7. Let a be q(-7). Suppose -4*l = -a*l - 84. Suppose -5*i - 2*c = -l, 3 = -3*i + 4*c - 0*c. What are the prime factors of i?
3
Let u(j) = -2*j - 3. Let x be u(-10). Suppose 15 = -3*b, -w + 2*w = -b + x. List the prime factors of w.
2, 11
Let m be (112/20)/(2/20). Let z = -32 + m. List the prime factors of z.
2, 3
Let h = -6 - -12. Suppose -2*j + 5*r + 24 = 0, 0 = -2*j + h*j + r - 26. List the prime factors of j.
7
Let l(j) = 3*j - 4. Let n be l(3). Let d = 11 + n. What are the prime factors of d?
2
Let y be (-4)/16 - 18/(-8). Let u(b) = 5*b + 2. List the prime factors of u(y).
2, 3
Let s = 5 - 0. Suppose 0 = -6*x + s*x + 22. List the prime factors of x.
2, 11
Let m = -3 + 8. Suppose -66 = 2*k - m*k. What are the prime factors of k?
2, 11
Let o(j) = 2. Let z(b) = b + 1. Let t(f) = -o(f) + 3*z(f). Let n(k) = -3*k - 1. Let y(l) = 5*n(l) + 4*t(l). What are the prime factors of y(-2)?
5
Let x = 38 + 31. List the prime factors of x.
3, 23
Let v(c) = c**2 + 4*c + 6. Suppose 2*n = -2*n - 20. What are the prime factors of v(n)?
11
Let a(s) = -s**3 - 5*s**2 + 3. Let y be a(-5). Suppose y*o = 7 + 2. List the prime factors of o.
3
What are the prime factors of (87 - (-2 + 1)) + 1?
89
Suppose f + 201 = 4*f. Suppose -4*l - 60 = -4*d, -5*d = l + 2*l - f. What are the prime factors of d?
2, 7
Suppose 0*a = -4*a + n + 92, -4*n + 46 = 2*a. List the prime factors of a.
23
Suppose -7*h + 2*h - c + 1 = 0, -4*h = -4*c + 4. Suppose 5*y = u + 17, u + 0*y + 2*y - 11 = h. List the prime factors of u.
3
Let b(n) = -2 - 2*n**3 + 4*n - 3*n**2 + 2. Let k(h) = h**3 - 14*h**2 + 2*h - 31. Let o be k(14). List the prime factors of b(o).
3, 5
Suppose -2*j + 16 = 4*c, 0*c - 5 = -j + c. List the prime factors of j.
2, 3
Let n(b) = -27*b - 6. Let i be n(-10). Suppose 5*z = 2*s + i, -7*s + 285 = 5*z - 2*s. List the prime factors of z.
2, 3
Let i(x) = x**3 - 13*x**2 + 4. Let j be i(13). Suppose 0 = -m - j*r + 15, 4*m - 3 = 4*r - r. List the prime factors of m.
3
Let n(q) = -q + 2. Let k be n(-4). Let w(t) = t**3 - 5*t**2 - 6*t. Let f be w(k). Suppose 12 = x - f. List the prime factors of x.
2, 3
Let m(t) = 2*t**3 + 8*t**2 - 6*t + 4. What are the prime factors of m(3)?
2, 7
Suppose 5*b - 231 = 4*b. What are the prime factors of b?
3, 7, 11
Let t(x) = x**3 + 13*x**2 + 25*x + 1. List the prime factors of t(-10).
3, 17
Let f(v) = v**2 - 5*v + 1. Let z be f(4). Let h be ((-3)/z)/(2/10). Suppose 3*i - u + 10 = h*i, 3*u - 3 = 3*i. List the prime factors of i.
3
Suppose 0 = 3*k + 5*m - 44, -35 = -2*k + m + 16. What are the prime factors of k?
23
Let b(q) = -q**3 - 7*q**2 - 13*q - 3. What are the prime factors of b(-5)?
2, 3
Suppose 3*p - 5*p = -102. List the prime factors of p.
3, 17
Suppose 0 = -d - 3*h + 242, -2*h = 3*d - 370 - 349. List the prime factors of d.
239
Let c(b) = 85*b**2 - b + 2. What are the prime factors of c(1)?
2, 43
Suppose f - 72 - 73 = -5*m, -2*f - 10 = 0. List the prime factors of m.
2, 3, 5
Suppose 11*p - 10*p - 77 = 0. What are the prime factors of p?
7, 11
Suppose -221 = -6*u + 325. List the prime factors of u.
7, 13
Suppose v + 4*x - 17 = 0, 2*x = v - 3*x + 10. Suppose v*o = 2*p + 191, 4*o - 3*o = 4*p + 31. What are the prime factors of o?
3, 13
Let o(g) = 2*g**2 - 3*g - 1. Let x be o(3). Suppose -4*b + 2*j = -8, -b + 4*j - 2 = -4. Suppose b*w - x = w. What are the prime factors of w?
2
Let y be (-27)/(-72) - 2234/(-16). Suppose -w = 3*w - y. List the prime factors of w.
5, 7
Let m(g) = g**3 + 6*g**2 + g + 8. Let j be m(-6). Suppose -q = j*q - 9. What are the prime factors of 7/q - 2/6?
2
Suppose 2*j = 2*g + 3*j - 6, -2*g + 2*j + 6 = 0. Let r = 3 + -12. List the prime factors of g/2*(-48)/r.
2
Let q be 5 - ((-6)/(-3))/2. Let u be (-1)/q + 1/4. Suppose u = 2*p - 4*r - r - 8, 3*r = -3*p + 33. List the prime factors of p.
3
Let i(q) be the first derivative of q**3/3 + 5*q**2/2 + q - 1. Let y(n) = -n**2 - 5*n. Let f(a) = -6*i(a) - 7*y(a). List the prime factors of f(-7).
2
Let u = -868 - -1301. What are the prime factors of u?
433
Suppose -7*y + 229 = -191. What are the prime factors of y?
2, 3, 5
Suppose -2*s = -0*s + k - 8, 0 = k. Suppose 0 = u - 1, -3*u + 76 = s*x + u. List the prime factors of x.
2, 3
Let g = -17 + 22. Let u be (0/(-2))/(0 + -1). Suppose u = 4*h - g*c + 5, 0*c = -4*h - 4*c + 40. What are the prime factors of h?
5
Suppose -260 + 836 = 6*w. What are the prime factors of w?
2, 3
Suppose 0 = 2*o + 4*r - 398, -r - 1039 = 4*o - 9*o. List the prime factors of o.
3, 23
Let r be 5/10*22*1. Let n = -8 + r. Suppose -n*h - 8 + 46 = 4*t, t - 52 = -5*h. List the prime factors of h.
2, 5
Let u = 1 + 0. Let v(k) = 2*k**3 + 7*k**2 + 6*k - 1. Let j(l) = 3*l**3 + 6*l**2 + 5*l - 1. Let o(m) = 6*j(m) - 5*v(m). What are the prime factors of o(u)?
2
Suppose 0*q = -q + 3. Suppose -q*s = 2*s - 10. Suppose 0 = -s*v - 8 + 30. What are the prime factors of v?
11
Let y = -14 - -7. Let v = -2 - y. What are the prime factors of v?
5
Let i(k) = 3*k - 3. Let r be i(6). Let o = -8 + r. List the prime factors of o.
7
Let z(h) = 2*h - 7. Let t(d) = d**3 - 5*d**2 - 4*d + 7. Let b be t(6). Let p = b + -13. What are the prime factors of z(p)?
5
Let o(b) = b**2 + 6*b + 4. Suppose 19 = 3*t - 5*h, 0 = 4*t + 4*h + 31 - 3. Let s be -5 + 1*(1 + t). List the prime factors of o(s).
2
Suppose 7*k - 12 = 3*k. Let w = k + 3. List the prime factors of ((-4)/w)/(-2)*18.
2, 3
Suppose 0 = -u + 2*c - 2, -2*u - 5*c = -3*c + 10. What are the prime factors of (-387)/(-18) - (-2)/u?
3, 7
Suppose 9*g - 4*g = -3*d - 20, 18 = -3*g - 3*d. What are the prime factors of g + (-4)/(8/(-10))?
2
Let c = -2 + 4. Let d be 0/((0 - c) + 0). Suppose 2*i + d*i - 4 = 0. List the prime factors of i.
2
Let w(y) = 0*y + 7*y - 1 - 3. What are the prime factors of w(7)?
3, 5
Let d(k) = k**3 + 8*k**2 + 3*k - 5. Let p be d(-4). Let o = p + -6. List the prime factors of o.
41
List the prime factors of (-35*(-1)/(-1))/(-1).
5, 7
Let c(j) = j**2 + 11*j + 5. Let h be c(-14). Let d = h + -28. List the prime factors of d.
19
List the prime factors of (26/(-4))/((-13)/338).
13
Let u(x) = x**3 + 11*x**2 - 11*x + 15. Let z be u(-12). Suppose 105 = 4*m + z*t, -4*t = -3*m - 3*t + 95. What are the prime factors of m?
2, 3, 5
Suppose 0 = 4*u - 20. Suppose 4*j - 22 = -2*g, -j - u = -g - 6. List the prime factors of g.
3
Suppose -x - 3 = -2*o - 2*o, 0 = 5*o - 3*x - 9. What are the prime factors of (-1)/(o - -1) - -5?
2
Let f(r) = r - 4. Let j be f(6). Let n be (-116)/(-36) - (-4)/(-18). Suppose n*o = j*o + 12. What are the prime factors of o?
2, 3
Let o(h) = 4*h. What are the prime factors of o(11)?
2, 11
List the prime factors of 246*1/(-1)*4/(-8).
3, 41
Suppose c + 5*m - 140 = 0, 4*c = 3*c + 2*m + 105. List the prime factors of c.
5, 23
Let h be 3/(-5) - 246/(-10). List the prime factors of h/3 - (2 - 0).
2, 3
Let d = 14 - 5. Let a be 2/(2 + 0)*d. Suppose -29 = 4*g - a, 19 = -3*h - 5*g. List the prime factors of h.
2
Suppose 444 = 4*h - 96. Suppose -2*z - 3*s = -6*z + h, -s - 69 = -2*z. What are the prime factors of z?
2, 3
Suppose -k = 3*k - 60. Suppose -2*a + 4*p = -16, 3*p + 2*p + k = 0. Suppose 4 = a*b, w + 3*b - 8 - 6 = 0. What are the prime factors of w?
2
Suppose s + 4 = 0, -i + 2*s = 7*s + 15. Suppose -2*w + 1 + 17 = 4*h, 5*w - 60 = i*h. What are the prime factors of w?
11
List the prime factors of 24/30 - (-61)/5.
13
Let d(b) = -b**3 + 2*b**2 + 1. Suppose v - 52 = -3*v. Suppose -h + 3*w + 1 = 0, 0*h + v = -4*h - 5*w. List the prime factors of d(h).
17
Let o(d) = -20*d. Let m be o(-1). Let x be (-1*39)/3 + 2. Let a = m + x. List the prime factors of a.
3
Suppose 0 = -4*v - 4 - 0. Let y be ((-2)/4)/(v/(-2)). List the prime factors of (2/3)/(y/(-6)).
2
Let o(w) = w**2 + w + 146. What are the prime factor